82. What are the prime factors of j?
5, 17
Let t be (-8 - (-2 + -1))/(-1). Suppose 4*m + 5*z = 8*m + 8, t = 3*m - z. List the prime factors of m.
3
Let j = 152 - 87. Suppose 4*n - j = -n. What are the prime factors of n?
13
Suppose -3*g = 4*m + 8, 0 = -4*m + 4. Let v be g - ((-4)/1)/2. List the prime factors of (-5)/v*(-16)/(-10).
2
Suppose -o + 2*o - 10 = 0. Let n be -3*(1 - o/6). Suppose -i + 11 = -0*s + s, 44 = 4*s - n*i. What are the prime factors of s?
11
Suppose a - 1 - 2 = 0. Suppose -4*r + 2*m = r - 97, a*m - 54 = -2*r. What are the prime factors of 178/14 + 6/r?
13
Suppose 3*d = -0*d. Let i be 1/(-3)*d - -5. Suppose -f - 2*f + w + 15 = 0, 0 = -i*w. What are the prime factors of f?
5
Suppose 4*s - 200 = 4*y, -6*y - 38 = -s - 2*y. List the prime factors of s.
2, 3
Let r(s) = -s**2 - 8*s - 1. Suppose d = 4*d + 18. What are the prime factors of r(d)?
11
Let f(y) = y**3 - 3*y**2 - 3*y + 6. Let r be f(4). Suppose r = 2*o, 2*d + 7 = -d - 4*o. What are the prime factors of 3*(3 + (-30)/d)?
19
Let h(k) = -31*k - 2. List the prime factors of h(-2).
2, 3, 5
Let t be -2 + -1 + 5 + 0. Suppose -2*b + n + 46 = -3*n, b - 3 = -t*n. What are the prime factors of b?
13
Let c(w) = -w - 1. Let k be c(-4). Suppose 5*v - 2*l - 132 = v, 28 = v - k*l. What are the prime factors of v?
2, 17
Suppose 115 = 3*q - 4*p, 2*q - 3*p = 67 + 10. List the prime factors of q.
37
Let p(k) = -4*k + 4. Let x be p(4). Let j(y) = -y**3 - 13*y**2 - 14*y - 13. List the prime factors of j(x).
11
Suppose 13 = 3*k - 50. List the prime factors of k.
3, 7
Suppose -1 - 7 = -4*t. Let n(i) = i**2. Let j be n(0). Suppose t*c = -j*c + 20. What are the prime factors of c?
2, 5
Let o(w) = -2*w - 2. Let d be o(-3). Suppose q = m + 13, 0 = -q - m + d + 5. List the prime factors of q.
11
Let v be (-7)/(-4)*-2*4. Suppose -57 = -3*u + 132. What are the prime factors of v/u + 92/9?
2, 5
Let v(a) = -37*a**3 - 11*a**2 - 11*a + 20. Let w(g) = -12*g**3 - 4*g**2 - 4*g + 7. Let k(j) = 6*v(j) - 17*w(j). What are the prime factors of k(-1)?
19
Suppose -d + 5*d - 64 = 0. Let b(u) = 2*u**2 - 3*u + 6. Let m(i) = 6*i**2 - 8*i + 18. Let j(n) = d*b(n) - 5*m(n). What are the prime factors of j(5)?
2
What are the prime factors of 3 + 4/((-4)/(-29))?
2
Let p be (-10)/3 - 2/(-6). Let u be p - -1 - (-10)/2. Suppose -u*o = -4*s + 46, -s = 3*s - o - 42. List the prime factors of s.
2, 5
Let w(z) = 3*z - 2. Let j be w(5). Suppose 5*k + 3*s - 86 = -s, -j = -k - 5*s. Suppose 4*g - 45 = -5*v, 0 = 3*g + 3 - k. List the prime factors of v.
5
Suppose 3*z = -3*i + 63, -59 = -3*i + z - 16. Let q = 3 + i. What are the prime factors of q?
19
Suppose -2*i + 2*c = 5*c + 13, -4*c - 25 = -5*i. Suppose q - 7 = i. Let x(r) = r - 3. What are the prime factors of x(q)?
5
Suppose 4*p + 12 = p. List the prime factors of (27/p)/((-21)/56).
2, 3
Suppose 116 = -7*s + 746. What are the prime factors of s?
2, 3, 5
Let s = 0 - -5. Let h = -22 + 25. Let d = h + s. List the prime factors of d.
2
Suppose x - 202 = -2*n + 8, n = 5*x - 1061. List the prime factors of x.
2, 53
What are the prime factors of 9/(-6)*8/6 - -57?
5, 11
Suppose 5*j = 9*j - 4*z - 96, z = 5*j - 136. What are the prime factors of j?
2, 7
Suppose b - 4 = -1. Suppose -9 = -j - b*j - u, -2*u = -2. List the prime factors of j.
2
Let p(y) = -y**2 + 11*y - 13. Let o(v) = -v**2 + v + 9. Let k be o(0). List the prime factors of p(k).
5
List the prime factors of 1 + (-8)/2 + (246 - -8).
251
Let w be 116*-4*(-3)/24. Suppose -3*g + 4*r = -99, -2*g + w = 2*r - 8. List the prime factors of g.
3, 11
Suppose -2*j = 3*j - 20, 3*u - 7 = 5*j. Suppose -6*k = -3*k - u. List the prime factors of k.
3
Let a be -3 + 0 + -9 + 0. List the prime factors of (29/3)/((-4)/a).
29
Suppose 5*y = 3*y - 60. Let d be (y/(-9))/(2/(-18)). What are the prime factors of 2/4 - d/4?
2
What are the prime factors of (-1095)/(-45) + (-1)/3?
2, 3
Let a = -21 - -14. Let n(o) = o - 6 - 10*o - o**2 + 0. List the prime factors of n(a).
2
Let a(h) = -2*h - 15. Let x be a(-12). Suppose -x = 4*o - 33. List the prime factors of o.
2, 3
Let a be (24/9 + -2)*6. Suppose -5*u + 0*r = a*r - 64, 0 = u - r - 20. What are the prime factors of u?
2
Suppose 10 = -3*u + 31. What are the prime factors of u + (0 - 2 - -4)?
3
Suppose -4*y + v + 253 = -514, y - v = 188. List the prime factors of y.
193
Suppose -4*n - 5*r = -113, -3*r = 3*n + r - 84. List the prime factors of n.
2
Let j = -131 - -250. What are the prime factors of j?
7, 17
Let y(s) = 6*s**3 - 2*s**2 + 2*s - 1. Let g be y(1). Suppose 2*v - 5 - g = 0. List the prime factors of v.
5
Let z(h) = 5*h + 6. Let k(t) = 2*t + 12. Let s be k(-8). Let m be z(s). Let q = m + 23. List the prime factors of q.
3
Let j(k) = 9*k + 3. What are the prime factors of j(4)?
3, 13
Let f be 186/9 + 4/(-6). Let w = f - 13. Suppose 3*g = w*g - 40. What are the prime factors of g?
2, 5
Let g(q) = -11*q - 9. Let i be g(-9). Let d = i - 51. What are the prime factors of d?
3, 13
Suppose -4*o - 5*c + 33 = 0, -5 = 8*o - 3*o - 3*c. Let x be 1/(o + 11/(-6)). Let q = x - 3. List the prime factors of q.
3
Let f = 141 - 75. List the prime factors of f.
2, 3, 11
Let t(u) = -2*u**2 - 3*u + 1. Let o be t(-3). Let z(c) = -c**2 - 4*c + 7. Let n be z(2). List the prime factors of n/(-20) + (-102)/o.
13
List the prime factors of 786/4*6/9.
131
Let s = 34 + 54. What are the prime factors of s?
2, 11
Suppose 8*b + 206 = 1494. List the prime factors of b.
7, 23
Suppose 2 = -5*a - 18. Let i = -6 - a. List the prime factors of -1 - (2/i + -10).
2, 5
Let t(y) be the second derivative of 5*y**4/6 + y**2/2 + y. List the prime factors of t(-1).
11
Let l = -17 - -20. Suppose z = -2*w + 51, -z + 7*w - l*w = -21. What are the prime factors of z?
41
Let j(t) = -t**3 - 3*t**2 + t - 1. Let p = 2 - 6. What are the prime factors of j(p)?
11
Suppose 0*a + 4*a = 0. Suppose a*p = -3*p + 30. List the prime factors of p.
2, 5
Let u(o) = o**2 + 4*o + 2. Let f be u(-4). Let z = f - 4. List the prime factors of (3/z)/(15/(-100)).
2, 5
Let m = -30 + 63. What are the prime factors of m?
3, 11
Let x = -23 - -39. Let z = x - 10. Suppose z*u + 54 = 3*p + 3*u, u - 16 = -p. List the prime factors of p.
17
Suppose 378 = 20*v - 11*v. List the prime factors of v.
2, 3, 7
Let b = 5 + -2. Let v be 54 - 3/((-9)/b). Suppose -v = -3*j - 2*j. What are the prime factors of j?
11
Suppose 0 = k - 5*k + 32. What are the prime factors of k?
2
Suppose -4*c + 16 = 0, 0 = 4*w - 4*c + 10 - 94. Let p = w + -13. What are the prime factors of p?
2, 3
Let i(c) = 2*c**2 + 2*c - 11. List the prime factors of i(-5).
29
Let r = -9 + 2. Let o = -3 + 4. Let s = o - r. List the prime factors of s.
2
Suppose 69 = 4*v - 27. Let b = -4 + v. Suppose 0*k = -4*k + b. What are the prime factors of k?
5
Let f be (-3)/(-6) + 5/2. Suppose -j = -0 - f. Suppose 0*x - 1 = 2*x + 5*y, -j*x = y - 18. What are the prime factors of x?
7
Let g(d) = -d + 1. Let t be g(-3). Let u = t - 5. List the prime factors of (u - 4)*24/(-30).
2
Suppose -2*o = 3*f - 10, -o + 6*f - f - 8 = 0. Suppose n + o*n = q - 4, -4*n - q - 3 = 0. Let z = 10 + n. What are the prime factors of z?
3
Suppose 5*q - 399 - 336 = 0. List the prime factors of q.
3, 7
Let d(n) = -n**2 - 8*n + 6. Let l be d(-8). Suppose p - l = 5. Let g = -8 + p. List the prime factors of g.
3
Let r be 2 - 1 - (-5 + 0). Suppose 10 = 4*d + 2. Let u = d + r. List the prime factors of u.
2
Let t = 20 - -21. List the prime factors of t.
41
Suppose -20 = -h - 3*h. Suppose -4*a = 5*i - 24, i - h*i - 16 = 0. List the prime factors of a.
11
Let r be 4/10 - (-23)/5. Let c = 11 - r. What are the prime factors of c?
2, 3
Let n be (-174)/(-10) - 4/10. Suppose -24 = -3*z - 2*h, 5*h - h = -2*z + 8. Let m = n - z. What are the prime factors of m?
7
Let f(v) = -v + 1. Let l(q) = 4*q - 13. Let p(x) = -5*f(x) - l(x). List the prime factors of p(8).
2
Let f(w) = 3*w - 6. What are the prime factors of f(5)?
3
Suppose -t + 80 = 1. List the prime factors of t.
79
Suppose 4*h - 23 + 1 = 3*y, 0 = y + 2. List the prime factors of h.
2
Let o be ((-16)/(-24))/((-2)/(-36)). Suppose 18 = 3*z - o. What are the prime factors of z?
2, 5
Let y(n) be the first derivative of 1/4*n**4 + n**2 - 4/3*n**3 + 5*n + 3. What are the prime factors of y(4)?
13
Let k be (-40)/(-12) - 2/6. Let